 29. Determine t(-1).
5
Let x(n) = 6*n**2 - 21*n - 7. Calculate x(7).
140
Let b(y) = y**3 + y**2 - 9*y - 21. Give b(-2).
-7
Let v(q) = q**3 - 2*q**2 + q - 1. Give v(2).
1
Let x(s) = -4*s**2 + 2*s + 1. Determine x(2).
-11
Let k(l) = l**3 + 21*l**2 - 2*l - 39. Give k(-21).
3
Let y(i) = -34*i - 1. Calculate y(-1).
33
Let g(k) = 2*k**2 - 3*k + 1. Give g(3).
10
Let f(k) = 2*k + 16. Determine f(-17).
-18
Let w(k) = -k**2 + 12*k - 25. Give w(10).
-5
Let s(m) = m**2 - 26*m - 141. Determine s(-5).
14
Let z(g) = -11*g - 23. Calculate z(-6).
43
Let v(w) = 3*w**2 + 9*w - 43. Determine v(6).
119
Let g(w) = -w**3 - 7*w**2 + 5*w + 6. Give g(-6).
-60
Let o(x) = -x**3 + 26*x**2 - 24*x - 24. Give o(25).
1
Let d(z) = z**2 - 8*z + 20. What is d(8)?
20
Let a(n) = 4*n. Calculate a(-1).
-4
Let b(o) = -o**3 - 43*o**2 + 137*o - 33. What is b(-46)?
13
Let k(d) = d**2 + 8*d + 2. Determine k(-7).
-5
Let h(d) = d**3 - 6*d**2 + 5*d + 8. Give h(4).
-4
Let x(r) = -r**3 + 19*r**2 - 34*r. Calculate x(17).
0
Let m(c) = -c**2 - 23*c + 24. Give m(-19).
100
Let f(l) = 3*l - 39. Give f(12).
-3
Let w(m) = m**3 - 26*m**2 - 2*m + 58. Give w(26).
6
Let n(d) = -d**2 + 8*d + 4. What is n(8)?
4
Let w(o) = -o**2 - 14*o + 77. Determine w(-19).
-18
Let o(h) = 3*h + 1. What is o(3)?
10
Let f(x) = -2*x**2 + 39*x + 23. Determine f(20).
3
Let a(u) = u**3 + 10*u**2 + 3*u - 12. Determine a(-10).
-42
Let h(w) = 2*w**2 + 15*w - 9. Determine h(-10).
41
Let i(w) = -w**2 - 27*w - 62. Calculate i(-24).
10
Let a(x) = -x**2 - 15*x - 78. Give a(-11).
-34
Let y(i) = -5*i - 65. What is y(-12)?
-5
Let m(i) = -2*i**3 - 12*i**2 - 2*i - 1. Give m(-6).
11
Let f(w) = -w**2 - 9*w - 32. Determine f(-7).
-18
Let z(a) = -4*a**2 - 30*a. What is z(-8)?
-16
Let d(s) = s**3 - 8*s**2 - 6*s + 2. Calculate d(8).
-46
Let p(w) = 2*w + 6. Give p(-10).
-14
Let c(d) = 2*d**3 - 28*d**2 - d - 4. What is c(14)?
-18
Let g(x) = 16*x**2 + 5*x + 4. Determine g(-1).
15
Let u(f) = 3*f**2 - 9*f + 5. What is u(2)?
-1
Let l(a) = a**2 + 3*a + 1. Calculate l(-4).
5
Let s(p) = 2*p - 25. Determine s(0).
-25
Let i(o) = -33*o + 60. What is i(2)?
-6
Let y(w) = w**2 - 3*w - 13. Determine y(-4).
15
Let y(c) = c**3 - 2*c**2 - 3. Determine y(-2).
-19
Let f(m) = m**2 + 10*m + 4. Give f(-11).
15
Let i(c) = 2*c - 85. Give i(0).
-85
Let p(g) = 2*g - 5. Determine p(10).
15
Let b(r) = r**3 - r**2 - 2*r + 51. Calculate b(0).
51
Let n(r) = r**3 + 10*r**2 + 13*r + 53. Determine n(-9).
17
Let d(q) = q**2 - 12*q - 36. Determine d(14).
-8
Let w(d) = -d**3 - 7*d**2 - 5*d - 2. Calculate w(-3).
-23
Let n(s) = -s**2 + 9*s + 8. Calculate n(7).
22
Let q(y) = y**3 + 6*y**2 + 3*y + 12. Give q(-6).
-6
Let w(c) = -c**3 + c**2 + 10*c + 9. Determine w(-3).
15
Let v(x) = x**3 - 12*x**2 + 8*x + 20. Determine v(11).
-13
Let k(a) = a + 2. Give k(-6).
-4
Let i(o) = 2*o**2 - 2*o + 3. Calculate i(2).
7
Let q(k) = -k + 1. Determine q(9).
-8
Let b(s) = 151*s**2 + 4*s - 3. Give b(1).
152
Let o(n) = -n**2 + 1. What is o(1)?
0
Let o(p) = -4*p + 12. Calculate o(5).
-8
Let p(g) = -6*g + 5. Give p(-5).
35
Let k(o) = o**3 + 8*o**2 + 2*o + 9. Determine k(-8).
-7
Let q(s) = s**3 - s**2 - 2*s - 4. Calculate q(3).
8
Let x(t) = 6*t + 3. Calculate x(4).
27
Let a(o) = 3*o**2 + 11*o + 17. Give a(-7).
87
Let k(f) = f**2 + 3*f - 20. Determine k(-9).
34
Let m(b) = b**2 - 14*b + 40. What is m(7)?
-9
Let i(w) = 2*w**2 - 13*w - 7. Determine i(7).
0
Let f(s) = 41*s - 181. Calculate f(5).
24
Let x(g) = -g**2 + 11*g + 9. Determine x(12).
-3
Let x(l) = -l**2 + 14*l - 7. Calculate x(7).
42
Let i(c) = -c + 52. Determine i(-19).
71
Let i(f) = -6*f - 115. Calculate i(-18).
-7
Let r(u) = 2*u**3 + 5*u**2 + 3*u - 7. Determine r(-4).
-67
Let n(z) = 3*z + 5. Determine n(-6).
-13
Let l(i) = -i**2 - 5*i - 2. Calculate l(-5).
-2
Let k(t) = -t**2 - 7*t + 5. Calculate k(-6).
11
Let t(s) = s**2 + 13*s - 1. Determine t(-15).
29
Let c(o) = 6*o + 36. What is c(-18)?
-72
Let i(f) = 58*f**3 - f**2 - 3*f + 3. Determine i(1).
57
Let o(b) = b**3 - 7*b**2 - 4*b - 8. Give o(7).
-36
Let v(x) = -6*x**2 + 15*x + 2. Calculate v(3).
-7
Let k(m) = m**3 + 7*m**2 - 6*m + 15. Calculate k(-8).
-1
Let k(r) = -3*r - 22. Calculate k(-8).
2
Let v(s) = 4*s**2 - 36*s - 17. Calculate v(9).
-17
Let m(c) = -c**2 + 3*c + 53. What is m(-6)?
-1
Let v(n) = -n**2 - 60*n + 61. What is v(1)?
0
Let p(q) = -q**3 - 10*q**2 + 42*q + 40. Calculate p(-13).
1
Let r(q) = q**3 - 7*q**2 + 2*q - 7. Give r(7).
7
Let s(d) = d**3 + 9*d**2 + 5*d + 4. Give s(-8).
28
Let k(d) = -2*d + 11. Calculate k(4).
3
Let g(c) = -6*c**3 + 4*c**2 - 5*c + 3. Determine g(1).
-4
Let l(i) = -3*i**2 - i - 3. Calculate l(2).
-17
Let t(j) = j**3 + 5*j**2 - j - 8. Calculate t(-5).
-3
Let v(f) = -f**3 + 13*f**2 + 33*f - 37. What is v(15)?
8
Let n(d) = -2*d**2 - 15*d - 21. Determine n(-4).
7
Let p(k) = k**3 + 6*k**2 + k. What is p(-5)?
20
Let s(m) = m**3 - 4*m**2 - 2*m + 7. What is s(-3)?
-50
Let a(s) = -2*s**2 + 44*s - 50. Give a(22).
-50
Let o(v) = v**3 + 14*v**2 - v - 19. What is o(-14)?
-5
Let j(f) = 2*f**2 + f - 24. Give j(3).
-3
Let p(k) = -k + 1. What is p(4)?
-3
Let h(m) = -m**3 + 5*m**2 + m - 5. Determine h(7).
-96
Let p(v) = -2*v**2 - 19*v + 5. Calculate p(-8).
29
Let t(v) = 4*v**2 - v - 8. What is t(4)?
52
Let t(z) = -z**3 - 3*z**2 + 9*z + 6. Give t(-5).
11
Let j(m) = 2*m**2 + 3*m - 8. Give j(-6).
46
Let r(z) = z**3 + 5*z**2 + 2*z + 14. Calculate r(-5).
4
Let g(b) = b + 15. Give g(0).
15
Let c(u) = 3*u - 50. Determine c(18).
4
Let i(z) = -3*z - 16. Determine i(-12).
20
Let a(b) = b**3 + 10*b**2 + 16*b + 4. What is a(-8)?
4
Let x(p) = 74*p + 819. What is x(-11)?
5
Let v(f) = -f**2 - 7*f - 16. Give v(-5).
-6
Let b(p) = p**2 + 9*p - 8. Determine b(-10).
2
Let d(v) = 2*v - 21. Calculate d(14).
7
Let g(i) = i + 5. Determine g(-3).
2
Let i(p) = p + 21. Give i(11).
32
Let c(j) = -j**3 + 10*j**2 - j + 9. Give c(10).
-1
Let l(s) = 4*s - 85. What is l(21)?
-1
Let t(a) = a**2 - a - 6. What is t(6)?
24
Let u(i) = 2*i + 15. Determine u(-10).
-5
Let s(u) = -u**3 - 5*u**2 - 3*u + 7. Give s(-5).
22
Let v(r) = -r**3 + 4*r**2 - 2*r - 3. What is v(5)?
-38
Let p(y) = -y**2 - 8*y + 1. Determine p(-8).
1
Let f(w) = 4*w**3 + w**2 + w. Determine f(-1).
-4
Let p(s) = s**3 + s**2 + 2*s - 26. Determine p(0).
-26
Let m(f) = -3*f**2 + 21*f - 6. What is m(7)?
-6
Let k(n) = -6*n**2 - 13*n + 4. Give k(0).
4
Let n(b) = 17*b - 47. Determine n(7).
72
Let o(x) = x**3 + 7*x**2 + 6*x - 5. Determine o(-6).
-5
Let j(p) = 40*p - 6. What is j(1)?
34
Let c(j) = j**2 - 5*j - 34. Calculate c(8).
-10
Let f(c) = -c**2 + 35*c + 894. What is f(52)?
10
Let d(w) = w**3 + 10*w**2 + 22*w - 9. Determine d(-5).
6
Let x(t) = -t**2 + 18*t + 30. Give x(15).
75
Let q(h) = h**3 - 6*h**2 - 7*h + 6. What is q(7)?
6
Let v(p) = -p + 1. Determine v(9).
-8
Let j(l) = l**3 + 10*l**2 + 5*l - 28. Give j(-9).
8
Let l(z) = -5*z + 17. Give l(5).
-8
Let y(z) = -2*z**3 - 3*z**2 - 4*z + 1. Determine y(-3).
40
Let v(g) = g**2 + 6*g - 1. Give v(-6).
-1
Let j(h) = h**3 + 5*h**2 - 2*h - 1. What is j(-4)?
23
Let g(z) = -53*z - 8. Calculate g(-1).
45
Let o(i) = -i**2 + 11*i - 15. Calculate o(10).
-5
Let z(x) = x - 10. Determine z(15).
5
Let h(o) = -o + 32. Calculate h(33).
-1
Let o(n) = 2*n**3 - 6*n**2 - 4*n. What is o(5)?
80
Let r(c) = c**3 - 7*c**2 + 6*c + 7. Determine r(6).
7
Let p(z) = z**3 - 8*z**2 - z + 1. Determine p(7).
-55
Let q(d) = -7*d - 15. Give q(-6).
27
Let w(x) = 2*x + 8. Determine w(-5).
-2
Let n(r) = r**2 + 12*r + 17. Give n(-10).
-3
Let g(k) = k**2 - 11*k - 4. Determine g(12).
8
Let n(x) = 21*x - 1000. Determine n(48).
8
Let p(s) = s**3 - 6*s**2 + 6*s - 6. What is p(5)?
-1
Let a(x) = x**3 + 13*x**2 + 8*x + 2. Determine a(-12).
50
Let t(h) = h**2 + 2*h - 3. Give t(-4).
5
Let d(c) = -c**2 - 6*c - 3. What is d(-7)?
-10
Let m(r) = -r**2 - 11*r - 18. Give m(-6).
12
Let k(c) = -c**3 - 10*c**2 + 11*c - 16. What is k(-11)?
-16
Let v(u) = -u**3 - 19*u**2 - 9*u + 25. Determine v(-18).
-137
Let b(a) = 20*a**3 + a**2 - 3*a + 2. Calculate b(1).
20
Let r(u) = u**2 - 59*u - 54. Calculate r(60).
6
Let a(s) = -s**2 - 19*s - 26. Calculate a(-18).
-8
Let v(k) = -3*k**2 - 77*k - 184. Calculate v(-23).
0
Let y(r) = -5*r + 43. Determine y(8).
3
Let k(o) = 10*o - 3. Calculate k(1).
7
Let u(b) = b**3 + 12*b**2 + 3*b - 17. What is u(-12)?
-53
Let p(m) = m**2 + 7*m + 1